{"id":650,"date":"2016-11-18T12:34:03","date_gmt":"2016-11-18T12:34:03","guid":{"rendered":"http:\/\/highgradelab.com\/work\/layout8\/?page_id=650"},"modified":"2017-02-23T13:37:39","modified_gmt":"2017-02-23T12:37:39","slug":"a-propos","status":"publish","type":"page","link":"https:\/\/al-rock.fr\/index.php\/a-propos\/","title":{"rendered":"A Propos"},"content":{"rendered":"<p>[vc_row full_width=\u00a0\u00bbstretch_row\u00a0\u00bb equal_height=\u00a0\u00bbyes\u00a0\u00bb content_placement=\u00a0\u00bbmiddle\u00a0\u00bb css=\u00a0\u00bb.vc_custom_1479475152509{padding-top: 75px !important;padding-bottom: 75px !important;background-position: center !important;background-repeat: no-repeat !important;background-size: cover !important;}\u00a0\u00bb][vc_column css_animation=\u00a0\u00bbleft-to-right\u00a0\u00bb width=\u00a0\u00bb1\/4&Prime;]<script type=\"text\/javascript\">\n\t\t\t\t\t\tjQuery(document).ready(function() {\n\t\t\t\t\t\t\tjQuery(function($) {\n\t\t\t\t\t\t\t\t\n\t\t\t\t\t\t\t\t$(\".hgr-counter-69f1eaa7c9f86\").appear(function() {\n\t\t\t\t\t\t\t\t\t$(this).countTo();\n\t\t\t\t\t\t\t\t});\n\t\t\t\t\t\t\t});\n\t\t\t\t\t\t});\n\t\t\t\t\t<\/script><div class=\"hgr_counter  \" style=\"background:none;border:0px;\"><div class=\"hgr_counter_icon\" style=\"padding-bottom:2em;\"><i class=\"icon icon fa fa-user\" style=\" color:#0066cc;  font-size:46px!important; \"><\/i><\/div><div class=\"hgr_counter_content\"><h5 class=\"hgr_counter_number\"><span class=\"hgr_number_string hgr-counter-69f1eaa7c9f86\" style=\"color:#0066cc\" data-from=\"0\" data-to=\"1936\" data-speed=\"2000\" data-refresh-interval=\"50\">0<\/span> <span class=\"hgr_counter_units\" style=\"color:#222222\"><\/span><\/h5><div class=\"hgr_counter_text\"> <h6  style=\"color:#2a2a2a\">CR\u00c9ATION<\/h6> <\/div><\/div><\/div>[vc_column_text css_animation=\u00a0\u00bbleft-to-right\u00a0\u00bb]<\/p>\n<p style=\"text-align: center;\">Cr\u00e9ation de l&rsquo;entreprise Robert Vialleix.<\/p>\n<p>[\/vc_column_text]<script type=\"text\/javascript\">\n\t\t\t\t\t\tjQuery(document).ready(function() {\n\t\t\t\t\t\t\tjQuery(function($) {\n\t\t\t\t\t\t\t\t\n\t\t\t\t\t\t\t\t$(\".hgr-counter-69f1eaa7c9fb2\").appear(function() {\n\t\t\t\t\t\t\t\t\t$(this).countTo();\n\t\t\t\t\t\t\t\t});\n\t\t\t\t\t\t\t});\n\t\t\t\t\t\t});\n\t\t\t\t\t<\/script><div class=\"hgr_counter  \" style=\"background:none;border:0px;\"><div class=\"hgr_counter_icon\" style=\"padding-bottom:2em;\"><i class=\"icon icon fa fa-truck\" style=\" color:#0066cc;  font-size:46px!important; \"><\/i><\/div><div class=\"hgr_counter_content\"><h5 class=\"hgr_counter_number\"><span class=\"hgr_number_string hgr-counter-69f1eaa7c9fb2\" style=\"color:#0066cc\" data-from=\"0\" data-to=\"2001\" data-speed=\"2000\" data-refresh-interval=\"50\">0<\/span> <span class=\"hgr_counter_units\" style=\"color:#0066cc\"><\/span><\/h5><div class=\"hgr_counter_text\"> <h6  style=\"color:#2a2a2a\">B\u00c9TON<\/h6> <\/div><\/div><\/div>[vc_column_text css_animation=\u00a0\u00bbleft-to-right\u00a0\u00bb]<\/p>\n<p style=\"text-align: center;\">Ouverture de la centrale b\u00e9ton \u00e0 Bort-les-Orgues.<\/p>\n<p>[\/vc_column_text][\/vc_column][vc_column css_animation=\u00a0\u00bbleft-to-right\u00a0\u00bb width=\u00a0\u00bb1\/4&Prime;]<script type=\"text\/javascript\">\n\t\t\t\t\t\tjQuery(document).ready(function() {\n\t\t\t\t\t\t\tjQuery(function($) {\n\t\t\t\t\t\t\t\t\n\t\t\t\t\t\t\t\t$(\".hgr-counter-69f1eaa7c9fce\").appear(function() {\n\t\t\t\t\t\t\t\t\t$(this).countTo();\n\t\t\t\t\t\t\t\t});\n\t\t\t\t\t\t\t});\n\t\t\t\t\t\t});\n\t\t\t\t\t<\/script><div class=\"hgr_counter  \" style=\"background:none;border:0px;\"><div class=\"hgr_counter_icon\" style=\"padding-bottom:2em;\"><i class=\"icon icon fa fa-building-o\" style=\" color:#0066cc;  font-size:46px!important; \"><\/i><\/div><div class=\"hgr_counter_content\"><h5 class=\"hgr_counter_number\"><span class=\"hgr_number_string hgr-counter-69f1eaa7c9fce\" style=\"color:#0066cc\" data-from=\"0\" data-to=\"1964\" data-speed=\"2000\" data-refresh-interval=\"50\">0<\/span> <span class=\"hgr_counter_units\" style=\"color:#222222\"><\/span><\/h5><div class=\"hgr_counter_text\"> <h6  style=\"color:#2a2a2a\">DEPUIS<\/h6> <\/div><\/div><\/div>[vc_column_text css_animation=\u00a0\u00bbleft-to-right\u00a0\u00bb]<\/p>\n<p style=\"text-align: center;\">L&rsquo;entreprise devient la SA\u00a0Vialleix.<\/p>\n<p>[\/vc_column_text]<script type=\"text\/javascript\">\n\t\t\t\t\t\tjQuery(document).ready(function() {\n\t\t\t\t\t\t\tjQuery(function($) {\n\t\t\t\t\t\t\t\t\n\t\t\t\t\t\t\t\t$(\".hgr-counter-69f1eaa7c9fe6\").appear(function() {\n\t\t\t\t\t\t\t\t\t$(this).countTo();\n\t\t\t\t\t\t\t\t});\n\t\t\t\t\t\t\t});\n\t\t\t\t\t\t});\n\t\t\t\t\t<\/script><div class=\"hgr_counter  \" style=\"background:none;border:0px;\"><div class=\"hgr_counter_icon\" style=\"padding-bottom:2em;\"><i class=\"icon icon fa fa-home\" style=\" color:#0066cc;  font-size:46px!important; \"><\/i><\/div><div class=\"hgr_counter_content\"><h5 class=\"hgr_counter_number\"><span class=\"hgr_number_string hgr-counter-69f1eaa7c9fe6\" style=\"color:#0066cc\" data-from=\"0\" data-to=\"2016\" data-speed=\"2000\" data-refresh-interval=\"50\">0<\/span> <span class=\"hgr_counter_units\" style=\"color:#0066cc\"><\/span><\/h5><div class=\"hgr_counter_text\"> <h6  style=\"color:#2a2a2a\">NAISSANCE<\/h6> <\/div><\/div><\/div>[vc_column_text css_animation=\u00a0\u00bbleft-to-right\u00a0\u00bb]<\/p>\n<p style=\"text-align: center;\">AL Rock rejoint les Etablissements\u00a0Vialleix en 2016.<\/p>\n<p>[\/vc_column_text][\/vc_column][vc_column css_animation=\u00a0\u00bbnone\u00a0\u00bb width=\u00a0\u00bb1\/2&Prime; css=\u00a0\u00bb.vc_custom_1479478064810{padding-top: 45px !important;padding-right: 75px !important;padding-bottom: 45px !important;padding-left: 75px !important;}\u00a0\u00bb][vc_column_text css_animation=\u00a0\u00bbright-to-left\u00a0\u00bb]<\/p>\n<h4>AL ROCK :<\/h4>\n<h4>UNE FILIALE DES ETABLISSEMENTS VIALLEIX<\/h4>\n<p>[\/vc_column_text][vc_column_text css_animation=\u00a0\u00bbright-to-left\u00a0\u00bb]<\/p>\n<p style=\"text-align: justify;\">Cr\u00e9\u00e9e en 2016, AL Rock (Auvergne Limousin Rock) est une filiale des \u00e9tablissements Vialleix.<\/p>\n<p style=\"text-align: justify;\">La SAS Vialleix trouve son origine en 1936 avec la naissance de l&rsquo;entreprise Robert Vialleix. D\u00e8s 1971, avec l&rsquo;ouverture du d\u00e9p\u00f4t \u00e0 Bort-les-Orgues, l&rsquo;entit\u00e9 met en place la pr\u00e9fabrication de parpaings et buses en plus de la revente de mat\u00e9riaux et carburants. C&rsquo;est \u00e9galement cette ann\u00e9e que l&rsquo;entreprise r\u00e9alise son premier chantier de b\u00e9ton pr\u00eat \u00e0 l&#8217;emploi pour l&rsquo;\u00e9largissement d&rsquo;un pont pr\u00e8s de Bort-les-Orgues. D\u00e8s 1991 l&rsquo;entreprise acc\u00e9l\u00e8re son d\u00e9veloppement avec l&rsquo;ouverture d&rsquo;un d\u00e9p\u00f4t \u00e0 Ussel puis une d\u00e9cennie plus tard la mise en place de la centrale \u00e0 b\u00e9ton \u00e0 Bort-les-Orgues. En 2000 est act\u00e9e l&rsquo;affiliation au groupement Gedimat, premier groupement de n\u00e9gociants ind\u00e9pendants en France.<\/p>\n<p style=\"text-align: justify;\"><span class=\"s1\">Le lancement en 2016 d&rsquo;AL Rock pour la fabrication de blocs b\u00e9ton innovants poursuit donc une logique au coeur de l&rsquo;ADN de l&rsquo;entreprise : vous assurer la meilleure offre possible au meilleur prix.<\/span><\/p>\n<p>[\/vc_column_text][\/vc_column][\/vc_row][vc_row disable_element=\u00a0\u00bbyes\u00a0\u00bb css=\u00a0\u00bb.vc_custom_1487847992442{padding-top: 80px !important;}\u00a0\u00bb][vc_column width=\u00a0\u00bb1\/6&Prime;][\/vc_column][vc_column width=\u00a0\u00bb2\/3&Prime;][vc_column_text css_animation=\u00a0\u00bbleft-to-right\u00a0\u00bb]<\/p>\n<h3 style=\"text-align: center;\">Clients<\/h3>\n<p>[\/vc_column_text][vc_column_text css_animation=\u00a0\u00bbleft-to-right\u00a0\u00bb]<\/p>\n<h6 style=\"text-align: center;\">D\u00e9couvrez quelques uns de nos clients :<\/h6>\n<p>[\/vc_column_text][\/vc_column][vc_column width=\u00a0\u00bb1\/6&Prime;][\/vc_column][\/vc_row][vc_row disable_element=\u00a0\u00bbyes\u00a0\u00bb css=\u00a0\u00bb.vc_custom_1487847912569{padding-top: 20px !important;}\u00a0\u00bb][vc_column width=\u00a0\u00bb1\/4&Prime; css=\u00a0\u00bb.vc_custom_1476967573269{border-right-width: 1px !important;border-bottom-width: 1px !important;padding-top: 45px !important;padding-right: 30px !important;padding-left: 30px !important;border-right-color: #f4f4f4 !important;border-right-style: solid !important;border-bottom-color: #f4f4f4 !important;border-bottom-style: solid !important;}\u00a0\u00bb][\/vc_column][vc_column width=\u00a0\u00bb1\/4&Prime; css=\u00a0\u00bb.vc_custom_1476967582204{border-right-width: 1px !important;border-bottom-width: 1px !important;border-left-width: 1px !important;padding-top: 45px !important;padding-right: 30px !important;padding-left: 30px !important;border-left-color: #f4f4f4 !important;border-left-style: solid !important;border-right-color: #f4f4f4 !important;border-right-style: solid !important;border-bottom-color: #f4f4f4 !important;border-bottom-style: solid !important;}\u00a0\u00bb][vc_single_image image=\u00a0\u00bb3440&Prime; alignment=\u00a0\u00bbcenter\u00a0\u00bb][\/vc_column][vc_column width=\u00a0\u00bb1\/4&Prime; css=\u00a0\u00bb.vc_custom_1476967632708{border-right-width: 1px !important;border-bottom-width: 1px !important;border-left-width: 1px !important;padding-top: 45px !important;padding-right: 30px !important;padding-left: 30px !important;border-left-color: #f4f4f4 !important;border-left-style: solid !important;border-right-color: #f4f4f4 !important;border-right-style: solid !important;border-bottom-color: #f4f4f4 !important;border-bottom-style: solid !important;}\u00a0\u00bb][vc_single_image image=\u00a0\u00bb3450&Prime; alignment=\u00a0\u00bbcenter\u00a0\u00bb][\/vc_column][vc_column width=\u00a0\u00bb1\/4&Prime; css=\u00a0\u00bb.vc_custom_1476967639844{border-bottom-width: 1px !important;border-left-width: 1px !important;padding-top: 45px !important;padding-right: 30px !important;padding-left: 30px !important;border-left-color: #f4f4f4 !important;border-left-style: solid !important;border-bottom-color: #f4f4f4 !important;border-bottom-style: solid !important;}\u00a0\u00bb][\/vc_column][\/vc_row][vc_row css=\u00a0\u00bb.vc_custom_1479302797454{padding-top: 80px !important;}\u00a0\u00bb][vc_column width=\u00a0\u00bb1\/6&Prime;][\/vc_column][vc_column width=\u00a0\u00bb2\/3&Prime;][vc_column_text css_animation=\u00a0\u00bbleft-to-right\u00a0\u00bb]<\/p>\n<h4 style=\"text-align: center;\">Retrouvez-nous Facebook<\/h4>\n<p>[\/vc_column_text][vc_icon icon_fontawesome=\u00a0\u00bbfa fa-facebook\u00a0\u00bb color=\u00a0\u00bbcustom\u00a0\u00bb size=\u00a0\u00bblg\u00a0\u00bb align=\u00a0\u00bbcenter\u00a0\u00bb custom_color=\u00a0\u00bb#0066cc\u00a0\u00bb link=\u00a0\u00bburl:https%3A%2F%2Fwww.facebook.com%2FAL-Rock-1672237899741518||target:%20_blank|\u00a0\u00bb][\/vc_column][vc_column width=\u00a0\u00bb1\/6&Prime;][\/vc_column][\/vc_row]<\/p>\n","protected":false},"excerpt":{"rendered":"<p>[vc_row full_width=\u00a0\u00bbstretch_row\u00a0\u00bb equal_height=\u00a0\u00bbyes\u00a0\u00bb content_placement=\u00a0\u00bbmiddle\u00a0\u00bb css=\u00a0\u00bb.vc_custom_1479475152509{padding-top: 75px !important;padding-bottom: 75px !important;background-position: center !important;background-repeat: no-repeat !important;background-size: cover !important;}\u00a0\u00bb][vc_column css_animation=\u00a0\u00bbleft-to-right\u00a0\u00bb width=\u00a0\u00bb1\/4&Prime;][vc_column_text css_animation=\u00a0\u00bbleft-to-right\u00a0\u00bb] Cr\u00e9ation de l&rsquo;entreprise Robert Vialleix. [\/vc_column_text][vc_column_text css_animation=\u00a0\u00bbleft-to-right\u00a0\u00bb] Ouverture de la centrale b\u00e9ton \u00e0 Bort-les-Orgues. [\/vc_column_text][\/vc_column][vc_column css_animation=\u00a0\u00bbleft-to-right\u00a0\u00bb width=\u00a0\u00bb1\/4&Prime;][vc_column_text css_animation=\u00a0\u00bbleft-to-right\u00a0\u00bb] L&rsquo;entreprise devient la SA\u00a0Vialleix. [\/vc_column_text][vc_column_text css_animation=\u00a0\u00bbleft-to-right\u00a0\u00bb] AL Rock rejoint les Etablissements\u00a0Vialleix en 2016. [\/vc_column_text][\/vc_column][vc_column css_animation=\u00a0\u00bbnone\u00a0\u00bb width=\u00a0\u00bb1\/2&Prime; css=\u00a0\u00bb.vc_custom_1479478064810{padding-top: 45px !important;padding-right: [&hellip;]<\/p>\n","protected":false},"author":1,"featured_media":3381,"parent":0,"menu_order":0,"comment_status":"closed","ping_status":"closed","template":"","meta":{"_exactmetrics_skip_tracking":false,"_exactmetrics_sitenote_active":false,"_exactmetrics_sitenote_note":"","_exactmetrics_sitenote_category":0,"footnotes":""},"_links":{"self":[{"href":"https:\/\/al-rock.fr\/index.php\/wp-json\/wp\/v2\/pages\/650"}],"collection":[{"href":"https:\/\/al-rock.fr\/index.php\/wp-json\/wp\/v2\/pages"}],"about":[{"href":"https:\/\/al-rock.fr\/index.php\/wp-json\/wp\/v2\/types\/page"}],"author":[{"embeddable":true,"href":"https:\/\/al-rock.fr\/index.php\/wp-json\/wp\/v2\/users\/1"}],"replies":[{"embeddable":true,"href":"https:\/\/al-rock.fr\/index.php\/wp-json\/wp\/v2\/comments?post=650"}],"version-history":[{"count":13,"href":"https:\/\/al-rock.fr\/index.php\/wp-json\/wp\/v2\/pages\/650\/revisions"}],"predecessor-version":[{"id":3494,"href":"https:\/\/al-rock.fr\/index.php\/wp-json\/wp\/v2\/pages\/650\/revisions\/3494"}],"wp:featuredmedia":[{"embeddable":true,"href":"https:\/\/al-rock.fr\/index.php\/wp-json\/wp\/v2\/media\/3381"}],"wp:attachment":[{"href":"https:\/\/al-rock.fr\/index.php\/wp-json\/wp\/v2\/media?parent=650"}],"curies":[{"name":"wp","href":"https:\/\/api.w.org\/{rel}","templated":true}]}}